t is the thousands digit of 1033?
1
What is the units digit of 2667?
7
What is the tens digit of 17329?
2
What is the tens digit of 71525?
2
What is the units digit of 517?
7
What is the units digit of 5623?
3
What is the ten thousands digit of 30454?
3
What is the thousands digit of 1816?
1
What is the tens digit of 1796?
9
What is the units digit of 23678?
8
What is the hundreds digit of 4222?
2
What is the hundreds digit of 1425?
4
What is the thousands digit of 3088?
3
What is the units digit of 3627?
7
What is the tens digit of 27187?
8
What is the hundreds digit of 1495?
4
What is the hundreds digit of 2219?
2
What is the hundreds digit of 3919?
9
What is the tens digit of 20730?
3
What is the hundreds digit of 34371?
3
What is the thousands digit of 1038?
1
What is the hundreds digit of 22337?
3
What is the units digit of 4063?
3
What is the tens digit of 6571?
7
What is the thousands digit of 58435?
8
What is the tens digit of 8828?
2
What is the thousands digit of 19319?
9
What is the thousands digit of 33512?
3
What is the hundreds digit of 735?
7
What is the hundreds digit of 19381?
3
What is the units digit of 1911?
1
What is the hundreds digit of 6917?
9
What is the ten thousands digit of 73059?
7
What is the hundreds digit of 1894?
8
What is the units digit of 8244?
4
What is the thousands digit of 4868?
4
What is the units digit of 18052?
2
What is the hundreds digit of 3007?
0
What is the tens digit of 609?
0
What is the thousands digit of 3740?
3
What is the tens digit of 4001?
0
What is the hundred thousands digit of 151183?
1
What is the hundreds digit of 8661?
6
What is the tens digit of 2123?
2
What is the tens digit of 5042?
4
What is the units digit of 3108?
8
What is the tens digit of 270?
7
What is the thousands digit of 15493?
5
What is the units digit of 3798?
8
What is the hundreds digit of 16700?
7
What is the tens digit of 4623?
2
What is the hundreds digit of 1996?
9
What is the units digit of 178?
8
What is the thousands digit of 87069?
7
What is the tens digit of 34221?
2
What is the units digit of 4415?
5
What is the hundreds digit of 7117?
1
What is the hundreds digit of 7192?
1
What is the units digit of 1464?
4
What is the ten thousands digit of 113504?
1
What is the tens digit of 1378?
7
What is the units digit of 19568?
8
What is the hundreds digit of 30861?
8
What is the thousands digit of 5723?
5
What is the thousands digit of 1029?
1
What is the hundreds digit of 2000?
0
What is the hundred thousands digit of 106829?
1
What is the tens digit of 12253?
5
What is the thousands digit of 1252?
1
What is the units digit of 1416?
6
What is the tens digit of 1515?
1
What is the thousands digit of 2821?
2
What is the thousands digit of 2013?
2
What is the units digit of 79?
9
What is the tens digit of 14174?
7
What is the thousands digit of 185746?
5
What is the units digit of 644?
4
What is the tens digit of 4932?
3
What is the units digit of 37?
7
What is the hundreds digit of 14692?
6
What is the ten thousands digit of 61656?
6
What is the tens digit of 5270?
7
What is the hundreds digit of 171386?
3
What is the hundreds digit of 1682?
6
What is the units digit of 486?
6
What is the hundreds digit of 1545?
5
What is the units digit of 796?
6
What is the hundreds digit of 735?
7
What is the hundreds digit of 694?
6
What is the thousands digit of 64190?
4
What is the ten thousands digit of 42020?
4
What is the hundreds digit of 3310?
3
What is the tens digit of 4730?
3
What is the ten thousands digit of 34095?
3
What is the hundreds digit of 846?
8
What is the hundreds digit of 91032?
0
What is the thousands digit of 2620?
2
What is the ten thousands digit of 64797?
6
What is the units digit of 3220?
0
What is the hundreds digit of 28673?
6
What is the hundreds digit of 6791?
7
What is the hundreds digit of 9193?
1
What is the thousands digit of 7295?
7
What is the units digit of 91447?
7
What is the thousands digit of 39350?
9
What is the units digit of 21497?
7
What is the units digit of 11882?
2
What is the units digit of 591?
1
What is the units digit of 2217?
7
What is the units digit of 2824?
4
What is the hundreds digit of 9419?
4
What is the units digit of 557?
7
What is the hundreds digit of 1218?
2
What is the tens digit of 53639?
3
What is the units digit of 7076?
6
What is the thousands digit of 6463?
6
What is the hundreds digit of 2052?
0
What is the ten thousands digit of 27134?
2
What is the thousands digit of 6393?
6
What is the tens digit of 7229?
2
What is the units digit of 362?
2
What is the tens digit of 41268?
6
What is the ten thousands digit of 16401?
1
What is the thousands digit of 4949?
4
What is the tens digit of 377?
7
What is the tens digit of 1495?
9
What is the tens digit of 904?
0
What is the ten thousands digit of 36734?
3
What is the tens digit of 24640?
4
What is the thousands digit of 59317?
9
What is the units digit of 1088?
8
What is the tens digit of 563?
6
What is the units digit of 70?
0
What is the units digit of 874?
4
What is the thousands digit of 7173?
7
What is the units digit of 12411?
1
What is the units digit of 5848?
8
What is the tens digit of 257?
5
What is the ten thousands digit of 15259?
1
What is the hundreds digit of 2705?
7
What is the tens digit of 788?
8
What is the units digit of 396?
6
What is the tens digit of 4302?
0
What is the hundred thousands digit of 104694?
1
What is the hundreds digit of 3480?
4
What is the thousands digit of 1832?
1
What is the thousands digit of 20032?
0
What is the units digit of 522?
2
What is the thousands digit of 159334?
9
What is the tens digit of 6891?
9
What is the hundreds digit of 576?
5
What is the units digit of 28867?
7
What is the units digit of 62?
2
What is the hundreds digit of 16823?
8
What is the units digit of 50522?
2
What is the tens digit of 8291?
9
What is the units digit of 20376?
6
What is the thousands digit of 2090?
2
What is the tens digit of 690?
9
What is the ten thousands digit of 21583?
2
What is the thousands digit of 7741?
7
What is the units digit of 91167?
7
What is the tens digit of 9680?
8
What is the tens digit of 8060?
6
What is the tens digit of 48094?
9
What is the units digit of 46535?
5
What is the tens digit of 65647?
4
What is the hundreds digit of 1292?
2
What is the tens digit of 1329?
2
What is the tens digit of 2464?
6
What is the ten thousands digit of 21290?
2
What is the units digit of 150140?
0
What is the tens digit of 8200?
0
What is the units digit of 30603?
3
What is the hundreds digit of 3696?
6
What is the thousands digit of 1096?
1
What is the units digit of 6954?
4
What is the thousands digit of 43735?
3
What is the thousands digit of 3543?
3
What is the thousands digit of 3358?
3
What is the tens digit of 855?
5
What is the thousands digit of 23909?
3
What is the tens digit of 23265?
6
What is the thousands digit of 140737?
0
What is the thousands digit of 8795?
8
What is the hundreds digit of 699?
6
What is the tens digit of 43617?
1
What is the units digit of 7179?
9
What is the tens digit of 13673?
7
What is the thousands digit of 2654?
2
What is the hundreds digit of 1082?
0
What is the tens digit of 2379?
7
What is the thousands digit of 75834?
5
What is the hundreds digit of 5205?
2
What is the tens digit of 256?
5
What is the tens digit of 246?
4
What is the hundreds digit of 1905?
9
What is the hundreds digit of 771?
7
What is the hundreds digit of 26624?
6
What is the tens digit of 120261?
6
What is the tens digit of 36242?
4
What is the thousands digit of 1184?
1
What is the hundreds digit of 172354?
3
What is the hundreds digit of 777?
7
What is the ten thousands digit of 18371?
1
What is the hundred thousands digit of 110455?
1
What is the hundreds digit of 399?
3
What is the hundreds digit of 314?
3
What is the thousands digit of 2723?
2
What is the tens digit of 14738?
3
What is the tens digit of 6166?
6
What is the thousands digit of 1887?
1
What is the hundreds digit of 1850?
8
What is the tens digit of 1799?
9
What is the thousands digit of 6295?
6
What is the tens digit of 63?
6
What is the hundreds digit of 62368?
3
What is the tens digit of 28477?
7
What is the units digit of 7972?
2
What is the thousands digit of 69774?
9
What is